tor of 88 and 68525728?
8
What is the highest common divisor of 167701235 and 325?
65
Calculate the greatest common divisor of 24169740 and 3612.
84
Calculate the greatest common divisor of 1098 and 414150.
6
What is the greatest common factor of 163763 and 1537?
29
Calculate the greatest common divisor of 810600 and 2541.
21
What is the highest common factor of 6 and 47160642?
6
Calculate the highest common factor of 3390 and 303934970.
1130
What is the highest common divisor of 507397 and 3110107?
2629
What is the highest common divisor of 270035 and 483095?
265
What is the highest common divisor of 110 and 132722260?
110
Calculate the highest common factor of 212440200 and 4200.
4200
Calculate the highest common factor of 553 and 10757509.
553
Calculate the highest common divisor of 2845325 and 375235.
2485
Calculate the greatest common divisor of 188 and 468929857.
47
Calculate the highest common divisor of 165 and 16371520.
55
Calculate the greatest common factor of 53 and 35027.
1
Calculate the highest common factor of 210 and 152449640.
70
Calculate the greatest common divisor of 10930 and 201131674.
2186
Calculate the greatest common factor of 1284 and 11406414.
642
Calculate the greatest common factor of 231 and 30555448.
77
Calculate the highest common divisor of 27541859 and 188.
47
Calculate the highest common factor of 42526944 and 192.
96
What is the greatest common divisor of 3818345 and 138?
23
Calculate the highest common factor of 524 and 128689291.
131
Calculate the greatest common factor of 69 and 5473977.
69
What is the greatest common factor of 54 and 7049430?
54
Calculate the greatest common divisor of 473711 and 23051.
259
What is the greatest common divisor of 595 and 237135295?
85
Calculate the greatest common factor of 128012079 and 13.
13
Calculate the greatest common divisor of 17 and 3595987934.
17
Calculate the highest common divisor of 3 and 1052154.
3
Calculate the highest common factor of 10069075 and 100.
25
Calculate the highest common factor of 102180795 and 5.
5
Calculate the greatest common divisor of 124478 and 14170.
218
Calculate the greatest common divisor of 28919623 and 8639.
163
What is the greatest common divisor of 756 and 6868644?
12
Calculate the highest common factor of 19003437 and 38151.
4239
What is the highest common divisor of 21970 and 5411718?
338
Calculate the greatest common divisor of 13415800 and 200.
200
Calculate the highest common factor of 3330 and 110010.
30
Calculate the highest common divisor of 3606247668 and 12.
12
What is the highest common divisor of 28395321 and 584?
73
What is the greatest common divisor of 1359 and 3937929?
453
What is the highest common factor of 1104 and 14997564?
276
Calculate the highest common divisor of 208 and 263339752.
104
Calculate the highest common divisor of 170 and 279290.
10
Calculate the greatest common divisor of 1000 and 91518500.
500
What is the greatest common divisor of 417 and 7711720?
139
Calculate the highest common divisor of 5334 and 106122597.
2667
Calculate the highest common factor of 260 and 1213615.
65
What is the greatest common divisor of 18405 and 2935?
5
What is the greatest common divisor of 8847273 and 5529?
291
What is the highest common factor of 5672 and 103248834?
1418
Calculate the greatest common factor of 72068 and 18748.
172
Calculate the highest common divisor of 48 and 21833696.
16
What is the highest common factor of 3808359 and 1413?
9
Calculate the highest common factor of 23244 and 27317511.
5811
What is the highest common divisor of 3145 and 146115?
85
Calculate the highest common factor of 1511 and 18267990.
1511
Calculate the highest common divisor of 446896 and 9920.
496
What is the highest common divisor of 363465 and 16687?
41
Calculate the highest common divisor of 1098 and 1305.
9
What is the highest common divisor of 786610 and 440?
110
Calculate the highest common divisor of 1919094 and 6.
6
Calculate the highest common factor of 126 and 46576170.
18
Calculate the highest common divisor of 223803 and 1539.
81
What is the greatest common factor of 1760 and 2726560?
160
What is the greatest common factor of 2462702 and 38502?
1426
What is the highest common divisor of 589661 and 19939?
127
What is the highest common factor of 5220377 and 2465?
493
What is the greatest common divisor of 254573 and 4576?
11
Calculate the highest common factor of 70 and 65347380.
70
Calculate the highest common factor of 8760 and 5343720.
120
Calculate the highest common factor of 785890 and 1630.
10
Calculate the highest common factor of 92960 and 6142.
166
Calculate the highest common factor of 2428 and 161124508.
2428
What is the greatest common factor of 1782728 and 40?
8
Calculate the greatest common factor of 3011196 and 150054.
1686
What is the greatest common factor of 1219 and 716519?
23
What is the greatest common factor of 80576 and 15632?
16
What is the highest common factor of 90 and 1100352?
6
What is the greatest common factor of 9092 and 15292?
4
What is the highest common factor of 1865 and 65928123?
373
What is the highest common divisor of 10452536 and 160?
8
What is the greatest common divisor of 450 and 15128730?
90
Calculate the highest common factor of 1980 and 5079987.
99
Calculate the highest common divisor of 533897 and 8099.
91
What is the highest common divisor of 4020 and 59464?
4
Calculate the greatest common factor of 852 and 22199286.
426
What is the greatest common factor of 63679173 and 86?
43
What is the greatest common divisor of 40 and 847597210?
10
Calculate the greatest common factor of 919808 and 640.
128
What is the greatest common divisor of 130158 and 535878?
126
Calculate the greatest common factor of 3906 and 37507365.
1953
What is the greatest common factor of 1082229 and 51?
3
What is the greatest common factor of 61570 and 2667250?
470
Calculate the highest common factor of 66349648 and 24660.
548
What is the highest common divisor of 93641 and 9976?
29
What is the highest common factor of 32372017 and 3?
1
What is the greatest common factor of 46510612 and 8?
4
What is the greatest common factor of 50 and 36689210?
10
Calculate the greatest common divisor of 22971 and 899403.
1767
What is the greatest common divisor of 104818148 and 3204?
356
Calculate the highest common factor of 24732 and 1539796.
916
Calculate the highest common divisor of 26 and 1053665730.
26
Calculate the greatest common factor of 566 and 1217056216.
566
Calculate the greatest common factor of 52575 and 32905641.
2103
Calculate the highest common factor of 19370 and 252108.
298
What is the greatest common factor of 1277256 and 18696?
456
What is the greatest common factor of 33792 and 1397616?
528
What is the greatest common factor of 96016 and 67469243?
6001
What is the greatest common factor of 6970 and 3776510?
410
What is the greatest common factor of 330043 and 1379?
7
Calculate the highest common factor of 1155 and 3348840.
165
What is the greatest common divisor of 91 and 308357?
7
Calculate the highest common factor of 122 and 419870625.
61
Calculate the highest common factor of 314498032 and 16880.
3376
What is the greatest common divisor of 2686023 and 58087?
2003
Calculate the greatest common divisor of 198928 and 872.
8
What is the highest common divisor of 2146 and 265294958?
2146
What is the highest common factor of 24 and 47940184?
8
What is the greatest common factor of 64092973 and 1285?
257
Calculate the highest common divisor of 48334524 and 2616.
1308
Calculate the greatest common factor of 2217 and 205809283.
739
Calculate the greatest common divisor of 5875734 and 5144.
1286
What is the highest common factor of 11815433 and 155?
31
What is the highest common factor of 229071 and 129?
3
What is the greatest common factor of 2075 and 130775?
25
What is the greatest common factor of 111 and 344513401?
37
What is the highest common factor of 133 and 42288053?
19
What is the highest common divisor of 113570 and 135710?
410
Calculate the greatest common divisor of 511650 and 1500.
150
Calculate the highest common divisor of 2951186 and 74550.
994
What is the greatest common divisor of 203490 and 205485?
1995
Calculate the greatest common factor of 2935836 and 11604.
12
Cal